 s?
21
Suppose -2*j + 6 = -0. Suppose j*c + 4 - 10 = 0. Suppose -4*b + 78 = -c*b. What is the greatest common factor of b and 26?
13
Let j be (-34)/(-2) + (-48)/(-3 + -5). Calculate the greatest common factor of j and 989.
23
Let k be 3/(6/5)*4. Let c(z) = z**3 - 3*z + 3. Let d be c(2). What is the highest common factor of k and d?
5
Suppose -2*k + 4*s + 10 = 0, 5*s + 32 = 5*k + 12. Calculate the highest common factor of 15 and k.
3
Let v = 36 - 24. Suppose 0 = 2*b - 2*p - 78, 0*p - v = 4*p. Suppose 2*d = -3*z + 276, -25 = -5*d - 10. What is the highest common divisor of b and z?
18
Let v be ((-2486)/16)/(54/(-432)). Calculate the greatest common divisor of v and 11.
11
Suppose 4*n = -0*n + 8. Let w be (-3)/12*0 + 100. Suppose w = -i + 5*i + 5*r, 28 = n*i - 3*r. Calculate the greatest common factor of i and 30.
10
Suppose -3*i - 84 = 4*i. Let d = i + 20. Calculate the highest common divisor of 16 and d.
8
Suppose 29*d = -28*d + 82593. What is the highest common factor of 21 and d?
21
Let o = -4 - -12. Suppose 77*u - 16 = 73*u. Suppose -u*m + 319 = -w, -2*m + 161 = -w + 2*w. What is the highest common factor of o and m?
8
Let v(w) = -w**3 - 3*w**2 + 7*w + 1. Let t be v(-5). Let h be (-9)/(-18) + 1/2. Let n be (-40)/(-6)*12/h. What is the greatest common factor of t and n?
16
Suppose 0 = -43*x + 35*x + 896. What is the highest common divisor of x and 14?
14
Let b = 36 - -20. Calculate the greatest common factor of 1400 and b.
56
Let q(a) = 15*a**2 - 19*a + 18. Let h be q(1). Calculate the greatest common divisor of 35 and h.
7
Let n(z) = 2*z**2 - 18*z - 96. Let b be n(-8). Calculate the highest common factor of 132 and b.
44
Let r(v) = -2*v**3 - 13*v**2 + 4*v + 6. Let s be r(-9). Calculate the highest common factor of s and 75.
75
Let t = 39 + -31. Suppose t = -d + 11. What is the highest common factor of 21 and d?
3
Let o = 29 - 25. Suppose 15 = -o*g + 155. Calculate the greatest common factor of g and 35.
35
Let i = -9 + 15. Suppose 3*f + 2*h = -3*h + 30, -4*h = f - 17. Suppose -a - 5*l + 11 = -0*a, -4*l = f*a - 34. What is the highest common factor of a and i?
6
Let b be 208/(-16) + (-1 - 0). Let d = b + 30. What is the greatest common divisor of d and 8?
8
Let t = -97 + 202. Let a(i) = -2*i**2 - 41*i - 168. Let u be a(-10). What is the highest common divisor of u and t?
21
Let y = -5 - -33. Let p = 21 - y. Let l(i) = i + 13. Let o be l(p). Calculate the highest common factor of o and 15.
3
Let y(w) = -w**2 - 9*w + 28. Let d be y(-8). What is the greatest common divisor of 4 and d?
4
Suppose -q + 4*g + 20 - 85 = 0, 3*g + 37 = -q. Let t = q + 90. Let z = t - 18. Calculate the greatest common factor of z and 23.
23
Let i be (-3 - -13)*((8 - -4) + 0). Calculate the greatest common factor of 80 and i.
40
Suppose 3*j - 575 + 182 = 0. Let g = j - 112. What is the highest common factor of g and 95?
19
Let o(f) be the second derivative of -f**4/6 + 10*f**3/3 + 13*f**2 - 5*f + 2. Let i be o(11). What is the highest common divisor of i and 32?
4
Suppose 122 = p - 4*q, -3*p + 45 = -4*q - 297. Let d(o) = -2*o + 4. Let v be d(-3). What is the highest common divisor of v and p?
10
Let v(p) = p**2 + 17*p - 15. Let z be v(-18). Suppose 6*b = i + 2*b - 168, z*i - 2*b = 534. Calculate the greatest common factor of 20 and i.
20
Let i(k) = -71*k - 1. Let z be i(-1). Let w(n) = 8*n**2 - 8*n + 12. Let t be w(6). Suppose 10*r - t = r. What is the greatest common divisor of r and z?
14
Let i = 227 - 190. Calculate the greatest common divisor of i and 185.
37
Let y = -44 + 35. Let q be (y/(-4))/(18/48). Calculate the highest common divisor of 12 and q.
6
Let g = 1 - -36. Let h = g - 32. Calculate the greatest common divisor of h and 5.
5
Let z(n) = -n**2 + 8*n - 13. Let w(l) = -1. Let p(i) = w(i) - z(i). Let q be p(8). What is the greatest common factor of q and 132?
12
Let i be 34/9 + 4/18. What is the greatest common divisor of i and 28?
4
Suppose z - 4*z = 78. Suppose -2*d = -0*d + 1672. Let w be d/z + 6/(-39). Calculate the greatest common factor of w and 80.
16
Suppose -15*y + 200 = -20*y. Let x = 49 + y. What is the greatest common divisor of 36 and x?
9
Suppose 29*a - 5907 - 25703 = 0. What is the greatest common divisor of a and 30?
10
Let c = -396 + 402. Calculate the greatest common factor of c and 24.
6
Let n be 3/1*10/2. Let v(k) = k**3 - 947 - 32*k - 17*k**2 - 2*k**3 + 3*k + 967. Let c be v(-15). Calculate the greatest common factor of c and n.
5
Let r(a) = -3*a**3 + a + 7. Let q be r(0). Calculate the greatest common divisor of 112 and q.
7
Let p(b) = 98*b**2 + 1 - 1 - b. Let j be p(-1). Suppose -11*n = -12*n + 9. What is the greatest common factor of n and j?
9
Suppose 0 = -0*r - 3*r + 348. Let l(b) = 0*b + 2*b**2 - 5*b - 182 + 186. Let a be l(5). Calculate the greatest common divisor of r and a.
29
Let m(f) = -2*f - 2. Let g be m(-2). Suppose 3*a = g*a + 3. Suppose -35 = -a*j + 19. Calculate the greatest common factor of j and 198.
18
Suppose -2*m + 47 = 175. Let k = m - -112. What is the highest common divisor of 96 and k?
48
Let h(q) = -45*q + 257. Let x be h(5). Suppose 2*v - 71 - 9 = 0. Calculate the greatest common factor of x and v.
8
Let b(c) = c**3 - 6*c**2 + 5*c - 1. Let m be b(4). Let k = 1 - m. What is the highest common factor of k and 21?
7
Suppose 3*y - 3*l - 126 = 0, -3*y - 4*l + 152 = y. Suppose -y = 2*w - 3*w. Let v = 170 + -160. What is the greatest common factor of v and w?
10
Suppose -4*x = -24 + 8. Suppose -x*y = -7*y + 42. What is the greatest common divisor of y and 70?
14
Let l = 388 - 377. Let d(f) = -12*f - 1. Let b be d(-1). Calculate the highest common divisor of l and b.
11
Let h(r) = r**3 - 3*r**2 + 4*r - 2. Let q be h(2). Suppose -q*z - 10 = -22. What is the highest common divisor of z and 54?
6
Suppose -2*o + 5*q - 19 = 0, -5*q + 20 = 4*o - 17. Suppose 0*z = -3*z + o*x + 801, 2*z = -x + 525. Calculate the greatest common divisor of z and 24.
24
Let d(r) = -2*r**3 - 12*r**2 - 9*r - 9. Let g be d(-8). Let v = 115 + -86. What is the highest common factor of v and g?
29
Suppose l = 258 - 11. Calculate the highest common factor of l and 26.
13
Let j be 124/2 + 11 + -13. Let q be j/(-33) + (-2)/11 + 50. Calculate the highest common factor of 336 and q.
48
Let b be (-16)/(-3)*102/8. Calculate the highest common factor of b and 17.
17
Suppose -4*b = 5*l + 1081, -4*l = 3*b - 8*l + 834. Let j = 505 + b. Calculate the highest common divisor of j and 33.
33
Suppose -18*s = -16*s - 46. Let o = s - 15. What is the greatest common divisor of 88 and o?
8
Let b(r) = 14*r**2 - r. Let d be b(-1). Suppose 2*i = -i + 12. Suppose -60 + 20 = -i*v. What is the greatest common factor of v and d?
5
Let b = 43 + -22. Let w(s) = s**2 + s + 12. Let q be w(8). Calculate the highest common divisor of b and q.
21
Let v be (8/20)/((-1)/(-30)). Let b = 10 - v. Let k be ((-18)/(-6))/(b/(-6)). What is the highest common factor of 27 and k?
9
Let g(t) = -t + 11. Let v be g(9). Suppose v*h - 3*b - 64 = 0, -h + 3*h - 2*b = 62. Suppose h + 37 = n. Calculate the highest common divisor of n and 6.
6
Suppose -16*m = -0*m - 880. What is the greatest common divisor of m and 125?
5
Let j(q) = q**2 - 54*q + 381. Let w be j(48). Calculate the greatest common factor of 496 and w.
31
Suppose 5*w - z - 85 = -0*z, -4 = w + 4*z. Suppose 48 = -3*b + 5*b. What is the highest common divisor of w and b?
8
Suppose 5*g + 21*j - 16*j = 3295, -8 = -2*j. What is the greatest common divisor of 5 and g?
5
Let y be (-78)/20 + 3/(-30). Let m be y/((-6)/141*1). Calculate the highest common factor of m and 47.
47
Let m = -2025 - -3381. Calculate the greatest common divisor of 12 and m.
12
Suppose -4*u + 0*u + 80 = 0. Suppose -v + 80 = u. Suppose -f + v = 2*f. Calculate the highest common divisor of f and 60.
20
Let n be (5 + -3 + 5)/(-1). Let o(c) = -14*c + 6. Let v be o(n). Calculate the highest common factor of 13 and v.
13
Let m(w) = 2*w**3 + 6*w**2 - 9*w. Let b be m(-4). Calculate the highest common factor of b and 46.
2
Let m be ((-2)/(-4))/((-9)/(-90)). Suppose 0 = 4*t - m*w - 31, 2*w - 13 + 3 = -4*t. What is the greatest common factor of 6 and t?
2
Let y be -7*20/(-15)*(-108)/(-7). Calculate the highest common divisor of y and 16.
16
Suppose 0*q = -20*q + 2400. Calculate the